{"id":15,"date":"2024-03-05T15:22:21","date_gmt":"2024-03-05T15:22:21","guid":{"rendered":"http:\/\/etc-verlag.de\/?page_id=15"},"modified":"2026-03-13T09:26:41","modified_gmt":"2026-03-13T09:26:41","slug":"impressum","status":"publish","type":"page","link":"https:\/\/etc-verlag.de\/?page_id=15","title":{"rendered":"Impressum"},"content":{"rendered":"\n<p>Angaben gem\u00e4\u00df \u00a7 5 Digitale-Dienste-Gesetz (DDG)<br>etc-Verlag, A. Steinborn<br>Sredzkistra\u00dfe 24, 10435 Berlin<br>Deutschland<br>Kontakt: Telefon: +49 30 44 35 58 42, eMail: order@etc-Verlag.de<br>Umsatzsteuer-Identifikationsnummer gem\u00e4\u00df \u00a7 27a Umsatzsteuergesetz: [DE 218 783 624]<br><br>Verantwortlich f\u00fcr den Inhalt nach \u00a7 18 Abs. 2 Medienstaatsvertrag<br>A. Steinborn, Sredzkistra\u00dfe 24, 10435 Berlin<br><strong>Haftungshinweis:<\/strong>\u00a0Trotz sorgf\u00e4ltiger inhaltlicher Kontrolle \u00fcbernehmen wir keine Haftung f\u00fcr die Inhalte externer Links. F\u00fcr den Inhalt der verlinkten Seiten sind ausschlie\u00dflich deren Betreiber verantwortlich.<br><br>EU-Streitschlichtung: Die Europ\u00e4ische Kommission stellt eine Plattform zur Online-Streitbeilegung (OS) bereit: <a href=\"https:\/\/ec.europa.eu\/consumers\/odr\/\">https:\/\/ec.europa.eu\/consumers\/odr\/<\/a> Wir sind nicht verpflichtet und nicht bereit, an Streitbeilegungsverfahren vor einer Verbraucherschlichtungsstelle teilzunehmen.<\/p>\n\n\n\n<p><\/p>\n\n\n\n<h2 class=\"wp-block-heading\">Datenschutzerkl\u00e4rung<\/h2>\n\n\n\n<p>Der Schutz Ihrer pers\u00f6nlichen Daten ist uns ein besonderes Anliegen. Wir behandeln Ihre personenbezogenen Daten vertraulich und entsprechend den gesetzlichen Datenschutzvorschriften sowie dieser Datenschutzerkl\u00e4rung.<br>Die Nutzung unserer Website ist in der Regel ohne Angabe personenbezogener Daten m\u00f6glich.<\/p>\n\n\n\n<p>Verantwortlich f\u00fcr die Datenverarbeitung auf dieser Website ist:<br>A. Steinborn, Sredzkistra\u00dfe 24, 10435 Berlin, eMail: order@etc-Verlag.de<\/p>\n\n\n\n<p>Unsere Website wird bei einem externen Hosting-Anbieter betrieben. Personenbezogene Daten, die auf dieser Website erfasst werden, werden auf den Servern des Hosters gespeichert.<br>Hierbei kann es sich insbesondere um IP-Adressen, Meta- und Kommunikationsdaten, Websitezugriffe und sonstige Daten handeln, die \u00fcber eine Website generiert werden.<br>Die Verarbeitung erfolgt auf Grundlage von Art. 6 Abs. 1 lit. f DSGVO aufgrund unseres berechtigten Interesses an einer sicheren und effizienten Bereitstellung unseres Online-Angebots.<\/p>\n\n\n\n<ul><\/ul>\n\n\n\n<p><strong>Server-Log-Dateien<\/strong><br>Der Provider der Seiten erhebt und speichert automatisch Informationen in sogenannten Server-Log-Dateien, die Ihr Browser automatisch \u00fcbermittelt.<br>Dies sind insbesondere: Browsertyp und Browserversion, verwendetes Betriebssystem, Referrer URL, Hostname des zugreifenden Rechners, Uhrzeit der Serveranfrage, IP-Adresse.<br>Diese Daten werden nicht mit anderen Datenquellen zusammengef\u00fchrt.<\/p>\n\n\n\n<p><strong>Kontaktaufnahme per eMail<\/strong><br>Wenn Sie uns per E-Mail kontaktieren (z. B. zur Bestellung von Publikationen), werden Ihre Angaben einschlie\u00dflich der von Ihnen dort angegebenen Kontaktdaten zum Zwecke der Bearbeitung der Anfrage gespeichert.<br>Diese Daten geben wir nicht ohne Ihre Einwilligung weiter.<br>Die Verarbeitung erfolgt gem\u00e4\u00df Art. 6 Abs. 1 lit. b DSGVO, sofern Ihre Anfrage mit der Erf\u00fcllung eines Vertrags zusammenh\u00e4ngt, oder gem\u00e4\u00df Art. 6 Abs. 1 lit. f DSGVO.<\/p>\n\n\n\n<ul><\/ul>\n\n\n\n<p><strong>Cookies<\/strong><br>Unsere Website kann Cookies verwenden. Cookies sind kleine Textdateien, die auf Ihrem Endger\u00e4t gespeichert werden und die Ihr Browser speichert.<br>Sie k\u00f6nnen Ihren Browser so einstellen, dass Sie \u00fcber das Setzen von Cookies informiert werden und Cookies nur im Einzelfall erlauben oder generell ausschlie\u00dfen.<\/p>\n\n\n\n<p><strong>SSL- bzw. TLS-Verschl\u00fcsselung<\/strong><br>Diese Seite nutzt aus Sicherheitsgr\u00fcnden und zum Schutz der \u00dcbertragung vertraulicher Inhalte eine SSL- bzw. TLS-Verschl\u00fcsselung.<\/p>\n\n\n\n<p><strong>Speicherdauer<\/strong><br>Personenbezogene Daten verbleiben bei uns, bis der Zweck f\u00fcr die Datenverarbeitung entf\u00e4llt oder Sie die L\u00f6schung verlangen, sofern keine gesetzlichen Aufbewahrungspflichten bestehen.<\/p>\n\n\n\n<p><strong>Ihre Rechte<\/strong><br>Sie haben jederzeit das Recht auf: Auskunft \u00fcber Ihre gespeicherten personenbezogenen Daten, Berichtigung unrichtiger Daten, L\u00f6schung Ihrer Daten, Einschr\u00e4nkung der Verarbeitung, Daten\u00fcbertragbarkeit, Widerruf einer erteilten Einwilligung.<br>Hierzu k\u00f6nnen Sie sich jederzeit unter der im Impressum angegebenen Adresse an uns wenden.<br><br><strong>Beschwerderecht<\/strong><br>Im Falle datenschutzrechtlicher Verst\u00f6\u00dfe steht Betroffenen ein Beschwerderecht bei einer Datenschutzaufsichtsbeh\u00f6rde zu.<\/p>\n\n\n\n<p><strong>\u00c4nderungen dieser Datenschutzerkl\u00e4rung<\/strong><br>Wir behalten uns vor, diese Datenschutzerkl\u00e4rung anzupassen, damit sie stets den aktuellen rechtlichen Anforderungen entspricht.<\/p>\n","protected":false},"excerpt":{"rendered":"<p>Angaben gem\u00e4\u00df \u00a7 5 Digitale-Dienste-Gesetz (DDG)etc-Verlag, A. SteinbornSredzkistra\u00dfe 24, 10435 BerlinDeutschlandKontakt: Telefon: +49 30 44 35 58 42, eMail: order@etc-Verlag.deUmsatzsteuer-Identifikationsnummer gem\u00e4\u00df \u00a7 [&hellip;]<\/p>\n","protected":false},"author":1,"featured_media":0,"parent":0,"menu_order":0,"comment_status":"closed","ping_status":"closed","template":"","meta":{"footnotes":""},"_links":{"self":[{"href":"https:\/\/etc-verlag.de\/index.php?rest_route=\/wp\/v2\/pages\/15"}],"collection":[{"href":"https:\/\/etc-verlag.de\/index.php?rest_route=\/wp\/v2\/pages"}],"about":[{"href":"https:\/\/etc-verlag.de\/index.php?rest_route=\/wp\/v2\/types\/page"}],"author":[{"embeddable":true,"href":"https:\/\/etc-verlag.de\/index.php?rest_route=\/wp\/v2\/users\/1"}],"replies":[{"embeddable":true,"href":"https:\/\/etc-verlag.de\/index.php?rest_route=%2Fwp%2Fv2%2Fcomments&post=15"}],"version-history":[{"count":3,"href":"https:\/\/etc-verlag.de\/index.php?rest_route=\/wp\/v2\/pages\/15\/revisions"}],"predecessor-version":[{"id":230,"href":"https:\/\/etc-verlag.de\/index.php?rest_route=\/wp\/v2\/pages\/15\/revisions\/230"}],"wp:attachment":[{"href":"https:\/\/etc-verlag.de\/index.php?rest_route=%2Fwp%2Fv2%2Fmedia&parent=15"}],"curies":[{"name":"wp","href":"https:\/\/api.w.org\/{rel}","templated":true}]}}